 Let h be m(9). Let t(r) = -r**3 + 7*r**2 - 4*r - 7. What are the prime factors of t(h)?
5
Let f = 51 - 48. Let r(d) = 6*d**3 - 5*d**2 - d - 2. What are the prime factors of r(f)?
2, 7
Let q(m) = -m**3 + 2*m**2 + 2*m + 6. Let o be q(0). Let k(y) = y**2 - 2*y + 5. List the prime factors of k(o).
29
Let w(c) = 83*c + 2. Let b be w(-1). Let a be 493/(-9) - (-18)/b. List the prime factors of (-11)/a - (-158)/10.
2
Suppose -3*j = 2*m - 1857, -j - 3*j = 4*m - 3708. Suppose -6*d = -0*d - m. What are the prime factors of d?
2, 7, 11
Let b(l) = l**2 + 12*l + 31. Let f be (-65)/5 - 1*4. What are the prime factors of b(f)?
2, 29
Let b = 27 + -22. Suppose 3*d - b*x - 118 = 97, d - 4*x - 74 = 0. What are the prime factors of d?
2, 5, 7
Let a = -68 - -183. Suppose 0 = 2*o - 2*b - 103 - a, -4*b + 518 = 5*o. What are the prime factors of o?
2, 53
Let s be -5 + 1 - (-1 - -5). Let o be s/((-28)/(-16) + -2). Suppose -m + 4 = -o. What are the prime factors of m?
2, 3
Let o = -1183 - -1868. What are the prime factors of o?
5, 137
Let z = 6 + -2. Suppose -3*i + z*s = -60, 4*s - 8 = 5*i - 108. Let n = 35 - i. What are the prime factors of n?
3, 5
Let i(c) = 2*c**2 + 4*c - 11. What are the prime factors of i(10)?
229
Let x = -21 + 25. Suppose 5*q = x*l - 840, q = 2 - 6. What are the prime factors of l?
5, 41
Suppose -12 = -6*j + 3*j. Suppose -90 + 0 = -5*i. Suppose -j*s + s = -i. What are the prime factors of s?
2, 3
Suppose 4*r + 4*z = 1752, -2*r + 3*z = -6*r + 1749. List the prime factors of r.
3, 5, 29
Let m be (-13)/(39/(-198)) - 1. Let o = m + -23. What are the prime factors of o?
2, 3, 7
Suppose -6*n + 2*n - 920 = -4*p, -3*p - 1142 = 5*n. Let o = n + 149. What are the prime factors of o/70*(-7)/2?
2
Suppose 2*q = -2*q + 20. Let r be 0 + 5/((-15)/(-6)). Let t = q - r. List the prime factors of t.
3
Suppose 66 + 304 = 5*c. Suppose -r + 395 = 5*x + 61, 2*r = -x + c. Suppose -z + x = 2*z. List the prime factors of z.
2, 11
Suppose -2*s = -48 - 420. Suppose -18*q = -15*q - s. What are the prime factors of q?
2, 3, 13
Let v(j) = 9*j**2 - 4*j + 17. Let s(p) = -p**2 - 10*p - 11. Let u be s(-8). What are the prime factors of v(u)?
2, 3, 37
Let f = -26 + 241. Suppose 16*j - 17*j + f = 0. List the prime factors of j.
5, 43
Let g(n) = -n**2 - 13*n - 12. Let k be g(-6). Let i = 164 - k. What are the prime factors of i?
2, 67
Suppose 0*g = -5*i + 4*g + 485, -g = -4*i + 399. What are the prime factors of i?
101
Let j(u) be the third derivative of -u**6/120 - 13*u**5/60 + 11*u**4/24 - 11*u**3/6 + 3*u**2. List the prime factors of j(-14).
31
Let r(k) = 9*k - 3. Let b be r(1). Suppose b*d + c - 195 = d, 3*d - c - 125 = 0. What are the prime factors of d?
2, 5
Let x(r) = -r + 4. Let n be x(4). Suppose 9*o - 5*o + 100 = n. Let u = o + 31. What are the prime factors of u?
2, 3
List the prime factors of (311/12*3)/(6/48).
2, 311
Suppose 3*u + 292 = -u + l, 0 = -2*u - l - 152. Let x = u + 117. List the prime factors of x.
43
Let i = 458 - -277. What are the prime factors of i?
3, 5, 7
Suppose 3*y = -0*y + 9. What are the prime factors of (22/2 - (y - 1)) + 0?
3
Let w be 5/1 - (3 + -1). Let d be (-12474)/(-98) + (-4)/14. Suppose 3*b + z = d, 4*b - 2*b = -w*z + 94. What are the prime factors of b?
41
What are the prime factors of (-3 + -6)*1*-46?
2, 3, 23
Suppose 5*t + i = 27, -3*i = 3*t + 2*i - 3. Suppose -4*m = -6 - t. List the prime factors of m.
3
Let q = 69 + -46. Let h = 9 + q. What are the prime factors of h?
2
Let w = -9 - -14. Suppose u - 4*a - 31 = 0, 155 = 5*u + w*a - 3*a. List the prime factors of u.
31
Let z(f) = 1 + 6 + 20*f + 2. List the prime factors of z(4).
89
Let y = 24 - 24. Suppose y*f = 4*f - 268. What are the prime factors of f?
67
Let d(p) = 51*p - 5. Let z be d(9). Let y = -227 + z. List the prime factors of y.
227
Let m(s) = -s**3 + 14*s**2 + 7*s + 2. Let n(p) = -13*p**3 + 2*p**2 - p - 2. Let h be n(-1). List the prime factors of m(h).
2, 5
Let f(z) = -479*z**3 - z**2 + 2*z - 1. Let y be f(1). Let t = y - -709. List the prime factors of t.
2, 5, 23
Suppose 3*m = -3*r + 4*r - 137, 0 = 2*r - 4*m - 276. Let l be -5*((-16)/10)/2. Suppose r = l*x + 4. What are the prime factors of x?
2, 17
Let c = 39 - -516. What are the prime factors of c?
3, 5, 37
Let v(d) = -d**2 - 14*d - 11. Let j be v(-13). Let l = 10 + -5. Suppose 0 = -5*c + 5*y + 310, -4*c + l*y + 245 = j*y. What are the prime factors of c?
59
Let j(z) = z**2 + 20*z - 5. Let c be j(-20). Let n(x) = x + 5. Let k be n(c). Suppose -4*y + 287 - 3 = k. What are the prime factors of y?
71
Let r(m) = -3*m**3 - 5*m**2 + 2*m + 8. Suppose 5*t + 4*d = -8, 3*d = 3*t + 7*d. List the prime factors of r(t).
2, 7
Let s(h) = -h**3 + 3*h**2 + h + 3. Suppose 2*v = 2*j + 2, -j + 0*j = 4*v - 19. Let y be s(j). Suppose 4 - y = -t. What are the prime factors of t?
2
Suppose 0*m + 34 = 2*m. Let a = m - 24. Let v = a + 17. List the prime factors of v.
2, 5
Suppose 27 + 29 = 4*p. Suppose -3*c - 2 + p = 0. Suppose 0*o + c*o - 108 = 0. What are the prime factors of o?
3
Let z(h) be the second derivative of h**5/20 - h**4 + 5*h**3/3 + 15*h**2/2 - 2*h. Let o be z(11). Suppose o - 68 = -2*r. List the prime factors of r.
2
Let m(g) = 2*g**2 - 2. Let v be m(2). Suppose -v*y + 10 + 26 = 0. What are the prime factors of y?
2, 3
Let q be 7 - (18 + -2)/4. Suppose 0 = -2*n + 2*z + 450, -4*n + q*n + 4*z = -231. Suppose -u = 3*u - 3*w - n, 4*u = 4*w + 224. What are the prime factors of u?
5, 11
Let u(s) = s - 9. Let b be u(8). What are the prime factors of (-230)/(-6) - b/(-3)?
2, 19
Let u(d) = -d**3 + 15*d**2 - 12*d + 46. What are the prime factors of u(10)?
2, 3, 71
Suppose 3*t - k = -2*t + 10, 4*t = 4*k - 8. Let a(r) = 2*r**2 - 4*r - 3*r**2 + 0 + t - 5*r. List the prime factors of a(-7).
17
Let i(y) = -y**2 - 7*y - 8. Let b be i(-5). Suppose -b*k + 90 = -0*k. What are the prime factors of k?
3, 5
Suppose 0 = -25*o + 18*o + 2499. What are the prime factors of o?
3, 7, 17
Let s(l) = -4*l**3 - 11*l**2 - 8*l - 5. Let b(g) = 5*g**3 + 12*g**2 + 7*g + 6. Let u(p) = -3*b(p) - 4*s(p). List the prime factors of u(-5).
2, 11
Let i(n) = -3*n**2 + 0 + n + 15*n**3 + 103*n**3 + 1. What are the prime factors of i(1)?
3, 13
Let r be (0*(2 - 1))/(-1). Suppose 0 = -5*u - 15, 25 = 5*w - r*u + 5*u. Let k = w - 5. List the prime factors of k.
3
Suppose 4*p + 831 = -4*t + 2499, -5*t = 2*p - 2091. What are the prime factors of t?
419
Let z be (-2)/3 + (-21)/9. Suppose -75 = 5*h + 5*j, -h + 3*j + 5 - 16 = 0. What are the prime factors of h/21 + (-125)/z?
41
Suppose -3*l = -7*l - 8. Let v(o) = 36*o**2 + 4*o + 2. What are the prime factors of v(l)?
2, 3, 23
Suppose 30*j = 2277 + 12903. List the prime factors of j.
2, 11, 23
Let s be (242/(-55))/(4/(-10)). Suppose 127 = s*w - 10*w. List the prime factors of w.
127
Let w = 8 + 30. Suppose -5*c + 77 + w = 0. Let p = c + 0. What are the prime factors of p?
23
What are the prime factors of 4434 + -9 + 9 + (-5)/(-1)?
23, 193
Let p = 63 - -21. Suppose -3*b + p - 6 = 4*i, 3*i = -3*b + 75. List the prime factors of b.
2, 11
Suppose -5*u + 37 = d + 2, -u = 2*d - 16. Suppose 0 = u*h + 2*h - 1376. What are the prime factors of h?
2, 43
Suppose -5*k + 15475 = -0*k + 2*u, 6204 = 2*k - 2*u. List the prime factors of k.
19, 163
Let w be 2 + -6 + (-4 - 27). What are the prime factors of (-1)/(((-14)/w)/(-1 - 15))?
2, 5
Let y = 41 + -46. Let c(w) = -w**3 - 3*w**2 + 6*w + 2. What are the prime factors of c(y)?
2, 11
Let x be (-7)/(-21) + (-8)/(-3). Suppose 0 = 4*q - 3*m - 8, x*q - 35 = -8*m + 3*m. Suppose 10 + 65 = q*b. List the prime factors of b.
3, 5
Let r = -3 - -8. Suppose 3*w - 2*p + 0*p - 133 = 0, -r*p = -2*w + 74. Suppose w = 4*c - 17. List the prime factors of c.
2
Let y be -4 + -3 + 6 + 3. Let o(c) = -5*c**3 + 6*c**y - 1 - 7*c**2 - 3*c + 5*c. List the prime factors of o(-2).
31
List the prime factors of 1108/5 + 10/((-400)/24).
13, 17
What are the prime factors of (-102664)/(-82) + 1*-2?
2, 5
Let s = -22 - -13. Let i be ((-6)/18)/((-1)/s). What are the prime factors of 186/i*(-1)/2?
31
Let v(m) = -7*m - 1. Let s(k) = k. Let d(q) = -6*s(q) - v(q). Let z be d(-2). List the prime factors of z + 0 + 70/2.
2, 17
Let z(u) = 2*u**2 - 11*u + 6. Let j be z(4). Let l(p) = 4*p**2 - 7*p + 3. List the prime factors of l(j).
3, 7
Let n(m)